actor of 1718895?
False
Does 29 divide 106560?
False
Does 17 divide 630853?
True
Is 387430 a multiple of 170?
True
Is 207328 a multiple of 209?
True
Does 20 divide 3227441?
False
Is 19 a factor of 1046104?
False
Is 61 a factor of 3233?
True
Is 39 a factor of 474151?
False
Is 17 a factor of 338443?
False
Does 19 divide 1749113?
False
Is 71 a factor of 76026?
False
Does 85 divide 325567?
False
Is 168864 a multiple of 82?
False
Is 7 a factor of 223192?
False
Is 4 a factor of 12282?
False
Does 14 divide 611114?
True
Is 105 a factor of 18611?
False
Is 20664 a multiple of 56?
True
Does 36 divide 613354?
False
Is 8 a factor of 518504?
True
Does 27 divide 74196?
True
Is 594 a factor of 251856?
True
Is 725970 a multiple of 14?
True
Does 41 divide 382764?
False
Does 162 divide 46381?
False
Is 5 a factor of 50456?
False
Does 5 divide 645257?
False
Does 164 divide 87740?
True
Is 9 a factor of 142293?
False
Is 72562 a multiple of 146?
True
Is 4 a factor of 28064?
True
Does 177 divide 1125285?
False
Is 329645 a multiple of 82?
False
Is 11 a factor of 210111?
True
Is 273924 a multiple of 63?
True
Is 13 a factor of 624473?
False
Is 52559 a multiple of 13?
True
Is 123586 a multiple of 119?
False
Is 3 a factor of 714093?
True
Is 47 a factor of 1148376?
False
Is 41 a factor of 170864?
False
Is 36819 even?
False
Is 210648 a multiple of 131?
True
Is 68 a factor of 1489812?
True
Is 13 a factor of 2693275?
True
Is 3557554 a multiple of 1001?
True
Does 81 divide 337689?
True
Does 185 divide 721315?
True
Is 302 a factor of 23229840?
True
Does 120 divide 1032600?
True
Is 90 a factor of 12814812?
False
Does 8 divide 242807?
False
Is 622437 a multiple of 1180?
False
Does 3 divide 36498?
True
Does 7 divide 3297?
True
Does 13 divide 3972384?
True
Does 6 divide 110544?
True
Does 10 divide 237461?
False
Does 367 divide 3314744?
True
Is 51408 a multiple of 108?
True
Does 42 divide 32928?
True
Does 9 divide 327771?
True
Is 762540 a multiple of 4?
True
Is 16 a factor of 89968?
True
Is 10 a factor of 41308?
False
Is 6 a factor of 85600?
False
Does 7 divide 19970698?
False
Is 31 a factor of 307396?
True
Does 50 divide 1413900?
True
Does 8 divide 15776808?
True
Does 298 divide 3319544?
False
Is 40 a factor of 122400?
True
Is 144786 a multiple of 71?
False
Does 254 divide 117602?
True
Does 233 divide 1835807?
True
Does 51 divide 699210?
True
Is 355491 a multiple of 115?
False
Is 61 a factor of 1806027?
True
Does 15 divide 4770?
True
Is 60 a factor of 2840358?
False
Does 4 divide 436738?
False
Is 191 a factor of 1505168?
False
Does 12 divide 285619?
False
Does 41 divide 46296?
False
Is 6944134 a multiple of 97?
False
Is 8815027 a multiple of 13?
True
Is 3 a factor of 7737?
True
Does 197 divide 9273972?
True
Does 68 divide 468430?
False
Is 19 a factor of 4937720?
True
Is 307287 a multiple of 68?
False
Is 3672903 a multiple of 4?
False
Does 12 divide 10293902?
False
Is 6041630 a multiple of 34?
True
Is 211368 a multiple of 76?
False
Is 487 a factor of 563946?
True
Is 104 a factor of 297128?
True
Is 164780 a multiple of 55?
True
Is 96 a factor of 296831?
False
Does 244 divide 448747?
False
Is 8 a factor of 3587?
False
Does 50 divide 854950?
True
Does 780 divide 5697120?
True
Is 76 a factor of 166820?
True
Is 11187700 a multiple of 11?
False
Is 52339 a multiple of 16?
False
Does 516 divide 763506?
False
Is 916212 a multiple of 242?
True
Is 8358560 a multiple of 32?
True
Is 23 a factor of 130617?
True
Does 8 divide 150306?
False
Is 2 a factor of 626676?
True
Does 7 divide 1111632?
False
Is 46 a factor of 11962208?
True
Does 286 divide 134145?
False
Is 943023 a multiple of 12?
False
Is 187 a factor of 9920184?
False
Is 5056856 a multiple of 28?
True
Does 201 divide 877770?
False
Is 81 a factor of 70956?
True
Is 1406 a factor of 2224292?
True
Does 175 divide 366639?
False
Is 35 a factor of 636055?
True
Does 89 divide 1703444?
False
Is 8156806 a multiple of 742?
True
Is 1157040 a multiple of 3?
True
Is 278754 a multiple of 137?
False
Is 8 a factor of 21464?
True
Is 8834990 a multiple of 10?
True
Is 111910 a multiple of 38?
True
Does 57 divide 121170?
False
Is 4 a factor of 174385?
False
Is 298607 a multiple of 389?
False
Is 278 a factor of 5245631?
False
Is 9828577 a multiple of 11?
True
Is 1699033 a multiple of 173?
True
Is 1044530 a multiple of 67?
True
Is 84 a factor of 5021352?
True
Is 30 a factor of 20036?
False
Does 615 divide 1065549?
False
Does 139 divide 752685?
True
Does 56 divide 39054?
False
Is 36 a factor of 1726452?
True
Is 21 a factor of 22571?
False
Is 143 a factor of 196790?
False
Does 16 divide 85866?
False
Does 170 divide 199723?
False
Does 159 divide 292134?
False
Is 382173 a multiple of 407?
True
Does 459 divide 14513818?
False
Is 128 a factor of 7178017?
False
Is 1446173 a multiple of 34?
False
Is 300 a factor of 12594000?
True
Is 6957888 a multiple of 672?
True
Does 26 divide 1398644?
True
Is 234 a factor of 275478?
False
Does 127 divide 3052064?
True
Is 86632 a multiple of 91?
True
Is 424 a factor of 2336664?
True
Is 493441 a multiple of 2?
False
Is 15104478 a multiple of 63?
False
Is 374670 a multiple of 15?
True
Is 2405301 a multiple of 139?
False
Is 3455100 a multiple of 100?
True
Is 121 a factor of 435237?
True
Is 824982 a multiple of 2?
True
Does 9 divide 443592?
True
Is 309 a factor of 854385?
True
Is 345690 a multiple of 25?
False
Is 25 a factor of 1396705?
False
Is 3449700 a multiple of 21?
False
Is 592918 a multiple of 17?
False
Does 64 divide 528704?
True
Does 120 divide 118680?
True
Is 15 a factor of 501162?
False
Is 97812 a multiple of 572?
True
Does 39 divide 30528420?
True
Is 138 a factor of 152878?
False
Does 239 divide 2233694?
True
Does 52 divide 3083184?
True
Does 67 divide 55683?
False
Does 206 divide 866848?
True
Is 2397852 a multiple of 172?
True
Does 635 divide 2009118?
False
Is 41 a factor of 369482?
False
Does 54 divide 337460?
False
Does 135 divide 14040?
True
Is 570070 a multiple of 218?
True
Does 325 divide 551381?
False
Is 101221 a multiple of 156?
False
Does 9 divide 4511?
False
Is 704 a factor of 10127977?
False
Is 6792112 a multiple of 8?
True
Is 123 a factor of 521520?
True
Is 137270 a multiple of 259?
True
Is 726373 a multiple of 25?
False
Is 9 a factor of 632757?
False
Is 3311315 a multiple of 321?
False
Does 6 divide 816588?
True
Is 848 a factor of 214964?
False
Is 5081076 a multiple of 702?
True
Is 264411 a multiple of 39?
False
Is 5 a factor of 38823?
False
Is 2059263 a multiple of 320?
False
Does 415 divide 1511544?
False
Is 477889 a multiple of 39?
False
Does 20 divide 370040?
True
Is 1539438 a multiple of 106?
True
Is 558 a factor of 29487?
False
Does 132 divide 449592?
True
Is 272 a factor of 1076304?
True
Is 67 a factor of 42463?
False
Is 31 a factor of 127968?
True
Does 21 divide 85491?
True
Is 74 a factor of 405965?
False
Does 17 divide 23976239?
True
Is 330 a factor of 480480?
True
Is 185 a factor of 111000?
True
Is 80882 a multiple of 37?
True
Is 50478 a multiple of 94?
True
Does 23 divide 16847?
False
Does 74 divide 723646?
True
Does 101 divide 1776893?
True
Is 5 a factor of 131485?
True
Is 198 a factor of 799722?
True
Is 597 a factor of 492525?
True
Does 6 divide 6403698?
True
Is 6965336 a multiple of 28?
True
Does 150 divide 291150?
True
Is 75 a factor of 827175?
True
Does 180 divide 863142?
False
Is 119661 a multiple of 274?
False
Is 22 a factor of 25544?
False
Is 408780 a multiple of 18?
True
Does 42 divide 49644?
True
Is 152 a factor of 4405264?
True
Is 118054 a multiple of 9?
False
Does 24 divide 207251?
False
Is 804 a factor of 2008392?
True
Is 353397 a multiple of 33?
True
Is 13 a factor of 2823774?
False
Is 764826 a multiple of 7?
False
Does 216 divide 204870?
False
Does 72 divide 2735208?
True
Is 16821 a multiple of 7?
True
Does 13 divide 571870?
True
Is 9 a factor of 2280379?
False
Is 2159031 a multiple of 66?
False
Is 5181903 a multiple of 483?
False
Does 20 divide 382228?
False
Is 8742099 a multiple of 207?
False
Is 333 a factor of 7919406?
True
Is 120 a factor of 21562?
False
Does 11 divide 777766?
True
Is 2193432 a multiple of 8?
True
Is 276969 a multiple of 33?
True
Is 11 a factor of 36608?
True
Is 309902 a multiple of 3?
False
Does 57 divide 555180?
True
Does 398 divide 2115768?
True
Is 107927 a mul